{"id":61,"date":"2017-12-06T02:11:13","date_gmt":"2017-12-06T02:11:13","guid":{"rendered":"http:\/\/balkon-rader.com\/?page_id=61"},"modified":"2017-12-10T16:08:26","modified_gmt":"2017-12-10T16:08:26","slug":"balkon-edelstahl","status":"publish","type":"page","link":"http:\/\/balkon-rader.com\/?page_id=61","title":{"rendered":"Balkone Edelstahl"},"content":{"rendered":"<p>\r\n\t\t\t\t\t\n\r\n\t\t\t\t\t<!-- START UNITE GALLERY LITE 1.7.43 -->\r\n\t\t\t\t\t\r\n\t\t\t\t\n\t\t\t<div id='unitegallery_7_1' class='unite-gallery' style='margin:0px auto;'>\n\t\t\t\t\n\n\t\t\t\t\t\t<img alt=\"Rader-Balkone_Bezirk Rohrbach_Bezirk Grie\u00dfkirchen_ Bezirk Sch\u00e4rding_Ober\u00f6sterreich_Alubalkon Holzoptik_Alubalkon Holzekor51\"\n\t\t\t\t\t\t     src=\"http:\/\/balkon-rader.com\/wp-content\/uploads\/2017\/12\/Rader-Balkone_Bezirk-Rohrbach_Bezirk-Grie\u00dfkirchen_-Bezirk-Sch\u00e4rding_Ober\u00f6sterreich_Alubalkon-Holzoptik_Alubalkon-Holzekor51.jpg\"\n\t\t\t\t\t\t     data-thumb=\"http:\/\/balkon-rader.com\/wp-content\/uploads\/2017\/12\/Rader-Balkone_Bezirk-Rohrbach_Bezirk-Grie\u00dfkirchen_-Bezirk-Sch\u00e4rding_Ober\u00f6sterreich_Alubalkon-Holzoptik_Alubalkon-Holzekor51-300x201.jpg\"\n\t\t\t\t\t\t     title=\"\"\n\t\t\t\t\t\t     style=\"display:none\">\n\n\t\t\t\t\t\t<img alt=\"Rader-Balkone_Bezirk Rohrbach_Bezirk Grie\u00dfkirchen_ Bezirk Sch\u00e4rding_Ober\u00f6sterreich_Alubalkon Holzoptik_Alubalkon Holzekor50\"\n\t\t\t\t\t\t     src=\"http:\/\/balkon-rader.com\/wp-content\/uploads\/2017\/12\/Rader-Balkone_Bezirk-Rohrbach_Bezirk-Grie\u00dfkirchen_-Bezirk-Sch\u00e4rding_Ober\u00f6sterreich_Alubalkon-Holzoptik_Alubalkon-Holzekor50.jpg\"\n\t\t\t\t\t\t     data-thumb=\"http:\/\/balkon-rader.com\/wp-content\/uploads\/2017\/12\/Rader-Balkone_Bezirk-Rohrbach_Bezirk-Grie\u00dfkirchen_-Bezirk-Sch\u00e4rding_Ober\u00f6sterreich_Alubalkon-Holzoptik_Alubalkon-Holzekor50-300x201.jpg\"\n\t\t\t\t\t\t     title=\"\"\n\t\t\t\t\t\t     style=\"display:none\">\n\n\t\t\t\t\t\t<img alt=\"Rader-Balkone_Bezirk Rohrbach_Bezirk Grie\u00dfkirchen_ Bezirk Sch\u00e4rding_Ober\u00f6sterreich_Alubalkon Holzoptik_Alubalkon Holzekor49\"\n\t\t\t\t\t\t     src=\"http:\/\/balkon-rader.com\/wp-content\/uploads\/2017\/12\/Rader-Balkone_Bezirk-Rohrbach_Bezirk-Grie\u00dfkirchen_-Bezirk-Sch\u00e4rding_Ober\u00f6sterreich_Alubalkon-Holzoptik_Alubalkon-Holzekor49.jpg\"\n\t\t\t\t\t\t     data-thumb=\"http:\/\/balkon-rader.com\/wp-content\/uploads\/2017\/12\/Rader-Balkone_Bezirk-Rohrbach_Bezirk-Grie\u00dfkirchen_-Bezirk-Sch\u00e4rding_Ober\u00f6sterreich_Alubalkon-Holzoptik_Alubalkon-Holzekor49-300x201.jpg\"\n\t\t\t\t\t\t     title=\"\"\n\t\t\t\t\t\t     style=\"display:none\">\n\n\t\t\t\t\t\t<img alt=\"Rader-Balkone_Bezirk Rohrbach_Bezirk Grie\u00dfkirchen_ Bezirk Sch\u00e4rding_Ober\u00f6sterreich_Alubalkon Holzoptik_Alubalkon Holzekor48\"\n\t\t\t\t\t\t     src=\"http:\/\/balkon-rader.com\/wp-content\/uploads\/2017\/12\/Rader-Balkone_Bezirk-Rohrbach_Bezirk-Grie\u00dfkirchen_-Bezirk-Sch\u00e4rding_Ober\u00f6sterreich_Alubalkon-Holzoptik_Alubalkon-Holzekor48.jpg\"\n\t\t\t\t\t\t     data-thumb=\"http:\/\/balkon-rader.com\/wp-content\/uploads\/2017\/12\/Rader-Balkone_Bezirk-Rohrbach_Bezirk-Grie\u00dfkirchen_-Bezirk-Sch\u00e4rding_Ober\u00f6sterreich_Alubalkon-Holzoptik_Alubalkon-Holzekor48-300x201.jpg\"\n\t\t\t\t\t\t     title=\"\"\n\t\t\t\t\t\t     style=\"display:none\">\n\n\t\t\t\t\t\t<img alt=\"Rader-Balkone_Bezirk Rohrbach_Bezirk Grie\u00dfkirchen_ Bezirk Sch\u00e4rding_Ober\u00f6sterreich_Alubalkon Holzoptik_Alubalkon Holzekor47\"\n\t\t\t\t\t\t     src=\"http:\/\/balkon-rader.com\/wp-content\/uploads\/2017\/12\/Rader-Balkone_Bezirk-Rohrbach_Bezirk-Grie\u00dfkirchen_-Bezirk-Sch\u00e4rding_Ober\u00f6sterreich_Alubalkon-Holzoptik_Alubalkon-Holzekor47.jpg\"\n\t\t\t\t\t\t     data-thumb=\"http:\/\/balkon-rader.com\/wp-content\/uploads\/2017\/12\/Rader-Balkone_Bezirk-Rohrbach_Bezirk-Grie\u00dfkirchen_-Bezirk-Sch\u00e4rding_Ober\u00f6sterreich_Alubalkon-Holzoptik_Alubalkon-Holzekor47-300x201.jpg\"\n\t\t\t\t\t\t     title=\"\"\n\t\t\t\t\t\t     style=\"display:none\">\n\n\t\t\t\t\t\t<img alt=\"Rader-Balkone_Bezirk Rohrbach_Bezirk Grie\u00dfkirchen_ Bezirk Sch\u00e4rding_Ober\u00f6sterreich_Alubalkon Holzoptik_Alubalkon Holzekor46\"\n\t\t\t\t\t\t     src=\"http:\/\/balkon-rader.com\/wp-content\/uploads\/2017\/12\/Rader-Balkone_Bezirk-Rohrbach_Bezirk-Grie\u00dfkirchen_-Bezirk-Sch\u00e4rding_Ober\u00f6sterreich_Alubalkon-Holzoptik_Alubalkon-Holzekor46.jpg\"\n\t\t\t\t\t\t     data-thumb=\"http:\/\/balkon-rader.com\/wp-content\/uploads\/2017\/12\/Rader-Balkone_Bezirk-Rohrbach_Bezirk-Grie\u00dfkirchen_-Bezirk-Sch\u00e4rding_Ober\u00f6sterreich_Alubalkon-Holzoptik_Alubalkon-Holzekor46-300x201.jpg\"\n\t\t\t\t\t\t     title=\"\"\n\t\t\t\t\t\t     style=\"display:none\">\n\n\t\t\t\t\t\t<img alt=\"Rader-Balkone_Bezirk Rohrbach_Bezirk Grie\u00dfkirchen_ Bezirk Sch\u00e4rding_Ober\u00f6sterreich_Alubalkon Holzoptik_Alubalkon Holzekor45\"\n\t\t\t\t\t\t     src=\"http:\/\/balkon-rader.com\/wp-content\/uploads\/2017\/12\/Rader-Balkone_Bezirk-Rohrbach_Bezirk-Grie\u00dfkirchen_-Bezirk-Sch\u00e4rding_Ober\u00f6sterreich_Alubalkon-Holzoptik_Alubalkon-Holzekor45.jpg\"\n\t\t\t\t\t\t     data-thumb=\"http:\/\/balkon-rader.com\/wp-content\/uploads\/2017\/12\/Rader-Balkone_Bezirk-Rohrbach_Bezirk-Grie\u00dfkirchen_-Bezirk-Sch\u00e4rding_Ober\u00f6sterreich_Alubalkon-Holzoptik_Alubalkon-Holzekor45-300x201.jpg\"\n\t\t\t\t\t\t     title=\"\"\n\t\t\t\t\t\t     style=\"display:none\">\n\n\t\t\t\t\t\t<img alt=\"Rader-Balkone_Bezirk Rohrbach_Bezirk Grie\u00dfkirchen_ Bezirk Sch\u00e4rding_Ober\u00f6sterreich_Alubalkon Holzoptik_Alubalkon Holzekor44\"\n\t\t\t\t\t\t     src=\"http:\/\/balkon-rader.com\/wp-content\/uploads\/2017\/12\/Rader-Balkone_Bezirk-Rohrbach_Bezirk-Grie\u00dfkirchen_-Bezirk-Sch\u00e4rding_Ober\u00f6sterreich_Alubalkon-Holzoptik_Alubalkon-Holzekor44.jpg\"\n\t\t\t\t\t\t     data-thumb=\"http:\/\/balkon-rader.com\/wp-content\/uploads\/2017\/12\/Rader-Balkone_Bezirk-Rohrbach_Bezirk-Grie\u00dfkirchen_-Bezirk-Sch\u00e4rding_Ober\u00f6sterreich_Alubalkon-Holzoptik_Alubalkon-Holzekor44-300x201.jpg\"\n\t\t\t\t\t\t     title=\"\"\n\t\t\t\t\t\t     style=\"display:none\">\n\n\t\t\t\t\t\t<img alt=\"Rader-Balkone_Bezirk Rohrbach_Bezirk Grie\u00dfkirchen_ Bezirk Sch\u00e4rding_Ober\u00f6sterreich_Alubalkon Holzoptik_Alubalkon Holzekor43\"\n\t\t\t\t\t\t     src=\"http:\/\/balkon-rader.com\/wp-content\/uploads\/2017\/12\/Rader-Balkone_Bezirk-Rohrbach_Bezirk-Grie\u00dfkirchen_-Bezirk-Sch\u00e4rding_Ober\u00f6sterreich_Alubalkon-Holzoptik_Alubalkon-Holzekor43.jpg\"\n\t\t\t\t\t\t     data-thumb=\"http:\/\/balkon-rader.com\/wp-content\/uploads\/2017\/12\/Rader-Balkone_Bezirk-Rohrbach_Bezirk-Grie\u00dfkirchen_-Bezirk-Sch\u00e4rding_Ober\u00f6sterreich_Alubalkon-Holzoptik_Alubalkon-Holzekor43-300x201.jpg\"\n\t\t\t\t\t\t     title=\"\"\n\t\t\t\t\t\t     style=\"display:none\">\n\n\t\t\t\t\t\t<img alt=\"Rader-Balkone_Bezirk Rohrbach_Bezirk Grie\u00dfkirchen_ Bezirk Sch\u00e4rding_Ober\u00f6sterreich_Alubalkon Holzoptik_Alubalkon Holzekor42\"\n\t\t\t\t\t\t     src=\"http:\/\/balkon-rader.com\/wp-content\/uploads\/2017\/12\/Rader-Balkone_Bezirk-Rohrbach_Bezirk-Grie\u00dfkirchen_-Bezirk-Sch\u00e4rding_Ober\u00f6sterreich_Alubalkon-Holzoptik_Alubalkon-Holzekor42.jpg\"\n\t\t\t\t\t\t     data-thumb=\"http:\/\/balkon-rader.com\/wp-content\/uploads\/2017\/12\/Rader-Balkone_Bezirk-Rohrbach_Bezirk-Grie\u00dfkirchen_-Bezirk-Sch\u00e4rding_Ober\u00f6sterreich_Alubalkon-Holzoptik_Alubalkon-Holzekor42-300x201.jpg\"\n\t\t\t\t\t\t     title=\"\"\n\t\t\t\t\t\t     style=\"display:none\">\n\n\t\t\t\t\t\t<img alt=\"Rader-Balkone_Bezirk Rohrbach_Bezirk Grie\u00dfkirchen_ Bezirk Sch\u00e4rding_Ober\u00f6sterreich_Alubalkon Holzoptik_Alubalkon Holzekor41\"\n\t\t\t\t\t\t     src=\"http:\/\/balkon-rader.com\/wp-content\/uploads\/2017\/12\/Rader-Balkone_Bezirk-Rohrbach_Bezirk-Grie\u00dfkirchen_-Bezirk-Sch\u00e4rding_Ober\u00f6sterreich_Alubalkon-Holzoptik_Alubalkon-Holzekor41.jpg\"\n\t\t\t\t\t\t     data-thumb=\"http:\/\/balkon-rader.com\/wp-content\/uploads\/2017\/12\/Rader-Balkone_Bezirk-Rohrbach_Bezirk-Grie\u00dfkirchen_-Bezirk-Sch\u00e4rding_Ober\u00f6sterreich_Alubalkon-Holzoptik_Alubalkon-Holzekor41-300x201.jpg\"\n\t\t\t\t\t\t     title=\"\"\n\t\t\t\t\t\t     style=\"display:none\">\n\n\t\t\t\t\t\t<img alt=\"Rader-Balkone_Bezirk Rohrbach_Bezirk Grie\u00dfkirchen_ Bezirk Sch\u00e4rding_Ober\u00f6sterreich_Alubalkon Holzoptik_Alubalkon Holzde - Kopie (2)\"\n\t\t\t\t\t\t     src=\"http:\/\/balkon-rader.com\/wp-content\/uploads\/2017\/12\/Rader-Balkone_Bezirk-Rohrbach_Bezirk-Grie\u00dfkirchen_-Bezirk-Sch\u00e4rding_Ober\u00f6sterreich_Alubalkon-Holzoptik_Alubalkon-Holzde-Kopie-2.jpg\"\n\t\t\t\t\t\t     data-thumb=\"http:\/\/balkon-rader.com\/wp-content\/uploads\/2017\/12\/Rader-Balkone_Bezirk-Rohrbach_Bezirk-Grie\u00dfkirchen_-Bezirk-Sch\u00e4rding_Ober\u00f6sterreich_Alubalkon-Holzoptik_Alubalkon-Holzde-Kopie-2-300x225.jpg\"\n\t\t\t\t\t\t     title=\"\"\n\t\t\t\t\t\t     style=\"display:none\">\n\t\t\t<\/div>\n\n\t\t\t<script type='text\/javascript'>\n\t\t\t\twindow.onload = function(e) {\n\t\t\t\t\tif(typeof ugCheckForErrors == \"undefined\"){\n\t\t\t\t\t\tdocument.getElementById(\"unitegallery_7_1\").innerHTML = \"<span style='color:red'>Unite Gallery Error - gallery js and css files not included in the footer. Please make sure that wp_footer() function is added to your theme.<\/span>\";}\n\t\t\t\t\telse{ ugCheckForErrors(\"unitegallery_7_1\", \"jquery\");}\n\t\t\t\t};\n\t\t\t<\/script>\n\n\t\t\t<!-- END UNITEGALLERY LITE--><\/p>\n","protected":false},"excerpt":{"rendered":"","protected":false},"author":1,"featured_media":0,"parent":49,"menu_order":3,"comment_status":"closed","ping_status":"closed","template":"","meta":{"footnotes":""},"class_list":["post-61","page","type-page","status-publish","hentry"],"_links":{"self":[{"href":"http:\/\/balkon-rader.com\/index.php?rest_route=\/wp\/v2\/pages\/61","targetHints":{"allow":["GET"]}}],"collection":[{"href":"http:\/\/balkon-rader.com\/index.php?rest_route=\/wp\/v2\/pages"}],"about":[{"href":"http:\/\/balkon-rader.com\/index.php?rest_route=\/wp\/v2\/types\/page"}],"author":[{"embeddable":true,"href":"http:\/\/balkon-rader.com\/index.php?rest_route=\/wp\/v2\/users\/1"}],"replies":[{"embeddable":true,"href":"http:\/\/balkon-rader.com\/index.php?rest_route=%2Fwp%2Fv2%2Fcomments&post=61"}],"version-history":[{"count":3,"href":"http:\/\/balkon-rader.com\/index.php?rest_route=\/wp\/v2\/pages\/61\/revisions"}],"predecessor-version":[{"id":456,"href":"http:\/\/balkon-rader.com\/index.php?rest_route=\/wp\/v2\/pages\/61\/revisions\/456"}],"up":[{"embeddable":true,"href":"http:\/\/balkon-rader.com\/index.php?rest_route=\/wp\/v2\/pages\/49"}],"wp:attachment":[{"href":"http:\/\/balkon-rader.com\/index.php?rest_route=%2Fwp%2Fv2%2Fmedia&parent=61"}],"curies":[{"name":"wp","href":"https:\/\/api.w.org\/{rel}","templated":true}]}}

<p>
					

					<!-- START UNITE GALLERY LITE 1.7.43 -->
					
				
			<div id='unitegallery_7_1' class='unite-gallery' style='margin:0px auto;'>
				

						<img alt="Rader-Balkone_Bezirk Rohrbach_Bezirk Grießkirchen_ Bezirk Schärding_Oberösterreich_Alubalkon Holzoptik_Alubalkon Holzekor51"
						     src="http://balkon-rader.com/wp-content/uploads/2017/12/Rader-Balkone_Bezirk-Rohrbach_Bezirk-Grießkirchen_-Bezirk-Schärding_Oberösterreich_Alubalkon-Holzoptik_Alubalkon-Holzekor51.jpg"
						     data-thumb="http://balkon-rader.com/wp-content/uploads/2017/12/Rader-Balkone_Bezirk-Rohrbach_Bezirk-Grießkirchen_-Bezirk-Schärding_Oberösterreich_Alubalkon-Holzoptik_Alubalkon-Holzekor51-300x201.jpg"
						     title=""
						     style="display:none">

						<img alt="Rader-Balkone_Bezirk Rohrbach_Bezirk Grießkirchen_ Bezirk Schärding_Oberösterreich_Alubalkon Holzoptik_Alubalkon Holzekor50"
						     src="http://balkon-rader.com/wp-content/uploads/2017/12/Rader-Balkone_Bezirk-Rohrbach_Bezirk-Grießkirchen_-Bezirk-Schärding_Oberösterreich_Alubalkon-Holzoptik_Alubalkon-Holzekor50.jpg"
						     data-thumb="http://balkon-rader.com/wp-content/uploads/2017/12/Rader-Balkone_Bezirk-Rohrbach_Bezirk-Grießkirchen_-Bezirk-Schärding_Oberösterreich_Alubalkon-Holzoptik_Alubalkon-Holzekor50-300x201.jpg"
						     title=""
						     style="display:none">

						<img alt="Rader-Balkone_Bezirk Rohrbach_Bezirk Grießkirchen_ Bezirk Schärding_Oberösterreich_Alubalkon Holzoptik_Alubalkon Holzekor49"
						     src="http://balkon-rader.com/wp-content/uploads/2017/12/Rader-Balkone_Bezirk-Rohrbach_Bezirk-Grießkirchen_-Bezirk-Schärding_Oberösterreich_Alubalkon-Holzoptik_Alubalkon-Holzekor49.jpg"
						     data-thumb="http://balkon-rader.com/wp-content/uploads/2017/12/Rader-Balkone_Bezirk-Rohrbach_Bezirk-Grießkirchen_-Bezirk-Schärding_Oberösterreich_Alubalkon-Holzoptik_Alubalkon-Holzekor49-300x201.jpg"
						     title=""
						     style="display:none">

						<img alt="Rader-Balkone_Bezirk Rohrbach_Bezirk Grießkirchen_ Bezirk Schärding_Oberösterreich_Alubalkon Holzoptik_Alubalkon Holzekor48"
						     src="http://balkon-rader.com/wp-content/uploads/2017/12/Rader-Balkone_Bezirk-Rohrbach_Bezirk-Grießkirchen_-Bezirk-Schärding_Oberösterreich_Alubalkon-Holzoptik_Alubalkon-Holzekor48.jpg"
						     data-thumb="http://balkon-rader.com/wp-content/uploads/2017/12/Rader-Balkone_Bezirk-Rohrbach_Bezirk-Grießkirchen_-Bezirk-Schärding_Oberösterreich_Alubalkon-Holzoptik_Alubalkon-Holzekor48-300x201.jpg"
						     title=""
						     style="display:none">

						<img alt="Rader-Balkone_Bezirk Rohrbach_Bezirk Grießkirchen_ Bezirk Schärding_Oberösterreich_Alubalkon Holzoptik_Alubalkon Holzekor47"
						     src="http://balkon-rader.com/wp-content/uploads/2017/12/Rader-Balkone_Bezirk-Rohrbach_Bezirk-Grießkirchen_-Bezirk-Schärding_Oberösterreich_Alubalkon-Holzoptik_Alubalkon-Holzekor47.jpg"
						     data-thumb="http://balkon-rader.com/wp-content/uploads/2017/12/Rader-Balkone_Bezirk-Rohrbach_Bezirk-Grießkirchen_-Bezirk-Schärding_Oberösterreich_Alubalkon-Holzoptik_Alubalkon-Holzekor47-300x201.jpg"
						     title=""
						     style="display:none">

						<img alt="Rader-Balkone_Bezirk Rohrbach_Bezirk Grießkirchen_ Bezirk Schärding_Oberösterreich_Alubalkon Holzoptik_Alubalkon Holzekor46"
						     src="http://balkon-rader.com/wp-content/uploads/2017/12/Rader-Balkone_Bezirk-Rohrbach_Bezirk-Grießkirchen_-Bezirk-Schärding_Oberösterreich_Alubalkon-Holzoptik_Alubalkon-Holzekor46.jpg"
						     data-thumb="http://balkon-rader.com/wp-content/uploads/2017/12/Rader-Balkone_Bezirk-Rohrbach_Bezirk-Grießkirchen_-Bezirk-Schärding_Oberösterreich_Alubalkon-Holzoptik_Alubalkon-Holzekor46-300x201.jpg"
						     title=""
						     style="display:none">

						<img alt="Rader-Balkone_Bezirk Rohrbach_Bezirk Grießkirchen_ Bezirk Schärding_Oberösterreich_Alubalkon Holzoptik_Alubalkon Holzekor45"
						     src="http://balkon-rader.com/wp-content/uploads/2017/12/Rader-Balkone_Bezirk-Rohrbach_Bezirk-Grießkirchen_-Bezirk-Schärding_Oberösterreich_Alubalkon-Holzoptik_Alubalkon-Holzekor45.jpg"
						     data-thumb="http://balkon-rader.com/wp-content/uploads/2017/12/Rader-Balkone_Bezirk-Rohrbach_Bezirk-Grießkirchen_-Bezirk-Schärding_Oberösterreich_Alubalkon-Holzoptik_Alubalkon-Holzekor45-300x201.jpg"
						     title=""
						     style="display:none">

						<img alt="Rader-Balkone_Bezirk Rohrbach_Bezirk Grießkirchen_ Bezirk Schärding_Oberösterreich_Alubalkon Holzoptik_Alubalkon Holzekor44"
						     src="http://balkon-rader.com/wp-content/uploads/2017/12/Rader-Balkone_Bezirk-Rohrbach_Bezirk-Grießkirchen_-Bezirk-Schärding_Oberösterreich_Alubalkon-Holzoptik_Alubalkon-Holzekor44.jpg"
						     data-thumb="http://balkon-rader.com/wp-content/uploads/2017/12/Rader-Balkone_Bezirk-Rohrbach_Bezirk-Grießkirchen_-Bezirk-Schärding_Oberösterreich_Alubalkon-Holzoptik_Alubalkon-Holzekor44-300x201.jpg"
						     title=""
						     style="display:none">

						<img alt="Rader-Balkone_Bezirk Rohrbach_Bezirk Grießkirchen_ Bezirk Schärding_Oberösterreich_Alubalkon Holzoptik_Alubalkon Holzekor43"
						     src="http://balkon-rader.com/wp-content/uploads/2017/12/Rader-Balkone_Bezirk-Rohrbach_Bezirk-Grießkirchen_-Bezirk-Schärding_Oberösterreich_Alubalkon-Holzoptik_Alubalkon-Holzekor43.jpg"
						     data-thumb="http://balkon-rader.com/wp-content/uploads/2017/12/Rader-Balkone_Bezirk-Rohrbach_Bezirk-Grießkirchen_-Bezirk-Schärding_Oberösterreich_Alubalkon-Holzoptik_Alubalkon-Holzekor43-300x201.jpg"
						     title=""
						     style="display:none">

						<img alt="Rader-Balkone_Bezirk Rohrbach_Bezirk Grießkirchen_ Bezirk Schärding_Oberösterreich_Alubalkon Holzoptik_Alubalkon Holzekor42"
						     src="http://balkon-rader.com/wp-content/uploads/2017/12/Rader-Balkone_Bezirk-Rohrbach_Bezirk-Grießkirchen_-Bezirk-Schärding_Oberösterreich_Alubalkon-Holzoptik_Alubalkon-Holzekor42.jpg"
						     data-thumb="http://balkon-rader.com/wp-content/uploads/2017/12/Rader-Balkone_Bezirk-Rohrbach_Bezirk-Grießkirchen_-Bezirk-Schärding_Oberösterreich_Alubalkon-Holzoptik_Alubalkon-Holzekor42-300x201.jpg"
						     title=""
						     style="display:none">

						<img alt="Rader-Balkone_Bezirk Rohrbach_Bezirk Grießkirchen_ Bezirk Schärding_Oberösterreich_Alubalkon Holzoptik_Alubalkon Holzekor41"
						     src="http://balkon-rader.com/wp-content/uploads/2017/12/Rader-Balkone_Bezirk-Rohrbach_Bezirk-Grießkirchen_-Bezirk-Schärding_Oberösterreich_Alubalkon-Holzoptik_Alubalkon-Holzekor41.jpg"
						     data-thumb="http://balkon-rader.com/wp-content/uploads/2017/12/Rader-Balkone_Bezirk-Rohrbach_Bezirk-Grießkirchen_-Bezirk-Schärding_Oberösterreich_Alubalkon-Holzoptik_Alubalkon-Holzekor41-300x201.jpg"
						     title=""
						     style="display:none">

						<img alt="Rader-Balkone_Bezirk Rohrbach_Bezirk Grießkirchen_ Bezirk Schärding_Oberösterreich_Alubalkon Holzoptik_Alubalkon Holzde - Kopie (2)"
						     src="http://balkon-rader.com/wp-content/uploads/2017/12/Rader-Balkone_Bezirk-Rohrbach_Bezirk-Grießkirchen_-Bezirk-Schärding_Oberösterreich_Alubalkon-Holzoptik_Alubalkon-Holzde-Kopie-2.jpg"
						     data-thumb="http://balkon-rader.com/wp-content/uploads/2017/12/Rader-Balkone_Bezirk-Rohrbach_Bezirk-Grießkirchen_-Bezirk-Schärding_Oberösterreich_Alubalkon-Holzoptik_Alubalkon-Holzde-Kopie-2-300x225.jpg"
						     title=""
						     style="display:none">
			</div>

			<script type='text/javascript'>
				window.onload = function(e) {
					if(typeof ugCheckForErrors == "undefined"){
						document.getElementById("unitegallery_7_1").innerHTML = "<span style='color:red'>Unite Gallery Error - gallery js and css files not included in the footer. Please make sure that wp_footer() function is added to your theme.</span>";}
					else{ ugCheckForErrors("unitegallery_7_1", "jquery");}
				};
			</script>

			<!-- END UNITEGALLERY LITE--></p>
